mine l(3).
-21
Let x(a) = -3*a**3 - a - 3. Give x(-2).
23
Let t(r) = r**3 + 7*r - 3. Determine t(-5).
-163
Let c(p) = 4*p + 86. Calculate c(-23).
-6
Let t(a) = a**3 + 24*a**2 - 3*a - 83. Determine t(-24).
-11
Let x(f) = f**3 - 4*f**2 + 3*f - 3. Calculate x(3).
-3
Let h(y) = -y**3 + 20*y**2 - 3. What is h(20)?
-3
Let g(x) = x**2 + 11*x - 3. What is g(-8)?
-27
Let d(x) = 24*x + 31. Determine d(-2).
-17
Let r(m) = -m**2 - 2*m - 11. Determine r(0).
-11
Let h(a) = 5*a**3. Determine h(-1).
-5
Let j(u) = u**3 - 6*u**2 + 6*u - 3. Calculate j(2).
-7
Let o(v) = 4*v**2 + 4*v - 19. What is o(-3)?
5
Let h(y) = -7*y**2 - 59*y + 35. Determine h(-9).
-1
Let k(p) = -42*p**2 - 7*p + 12. Give k(2).
-170
Let s(x) = -x**2 - 69*x - 625. Give s(-58).
13
Let k(n) = 46*n + 224. Give k(-5).
-6
Let i(f) = f**2 + 61*f + 174. Give i(-58).
0
Let y(j) = 3*j**2 - 26*j - 19. Determine y(10).
21
Let i(u) = 7*u - 2. Determine i(6).
40
Let g(w) = w**3 - 9*w**2 + 7*w - 1. Give g(8).
-9
Let w(p) = 4*p**3 - 9*p**2 + p - 2. Calculate w(2).
-4
Let a(r) = r**3 + 9*r**2 - 13*r + 14. Give a(-11).
-85
Let a(c) = -c**3 + 13*c**2 - 16*c + 9. Determine a(11).
75
Let f(w) = 9*w + 34. Give f(-5).
-11
Let a(q) = 23*q**3 - q**2 + 2*q - 1. What is a(1)?
23
Let c(s) = -2*s**2 + s - 1. Determine c(2).
-7
Let i(d) = 2*d - 38. Determine i(29).
20
Let s(q) = 8*q - 10. Give s(3).
14
Let t(v) = -24*v + 144. Determine t(6).
0
Let l(n) = -54*n - 61. Give l(-1).
-7
Let b(g) = -g**2 + 25*g - 25. What is b(26)?
-51
Let d(r) = r**3 + 4*r**2 - 4*r - 6. Calculate d(-5).
-11
Let i(h) = -h**3 - 12*h**2 - h + 1. Give i(-12).
13
Let r(k) = 2*k**3 - 3*k**2 + k + 2. Calculate r(2).
8
Let j(g) = g**3 + 16*g**2 - 38*g + 12. Determine j(-18).
48
Let s(d) = 4*d - 2. Give s(-1).
-6
Let h(y) = -10*y - 118. Determine h(-11).
-8
Let g(i) = -i**3 + 10*i**2 - 8*i - 5. What is g(9)?
4
Let a(k) = -k**3 - 6*k**2 + 5*k + 27. Give a(-6).
-3
Let q(p) = -2*p**3 - 6*p**2 + 7*p + 25. Determine q(-3).
4
Let d(k) = -4*k**2 + 46*k + 20. What is d(12)?
-4
Let b(m) = -4*m**2 - 14*m - 15. What is b(-2)?
-3
Let z(v) = -v**2 - 19*v - 85. Calculate z(-9).
5
Let y(v) = -20*v**3 + 4*v - 3. Calculate y(1).
-19
Let o(s) = -3*s**2 + 3*s - 2. What is o(1)?
-2
Let h(s) = -14*s - 1. Give h(1).
-15
Let n(l) = -3*l - 1. What is n(-9)?
26
Let p(i) = 2*i**3 + 2*i**2 + 5*i + 12. Calculate p(-2).
-6
Let l(a) = a - 9. Give l(10).
1
Let m(u) = 2*u**2 + 7*u + 32. What is m(-5)?
47
Let c(i) = -i + 5. Calculate c(3).
2
Let y(z) = -3*z**3 + 14*z - 21. Calculate y(2).
-17
Let i(x) = -17*x - 110. Give i(-7).
9
Let s(l) = -4*l - 69. Determine s(-13).
-17
Let o(t) = -12*t - 5. What is o(-6)?
67
Let x(y) = -5*y + 9. Give x(4).
-11
Let n(t) = t**3 + 8*t**2 + 12*t + 46. Calculate n(-7).
11
Let q(y) = -83*y - 490. Calculate q(-6).
8
Let w(c) = -c**3 + 15*c**2 - c + 9. Give w(15).
-6
Let o(c) = -58*c - 5. Give o(-2).
111
Let u(z) = -z**2 + 10*z + 2. Determine u(10).
2
Let w(c) = c**2 - 8*c - 11. What is w(-2)?
9
Let n(b) = b - 170. What is n(0)?
-170
Let w(r) = 2*r**2 + 6*r + 1. Give w(-4).
9
Let c(h) = -5*h + 43. What is c(16)?
-37
Let i(o) = -o**2 - 26*o - 124. Give i(-16).
36
Let p(r) = r**2 - 14*r + 43. What is p(6)?
-5
Let i(n) = n**3 + 11*n**2 - 4*n - 41. Calculate i(-11).
3
Let v(l) = l**3 - 8*l**2 + 19*l - 4. What is v(5)?
16
Let a(z) = -4*z - 9. Determine a(-10).
31
Let c(j) = 8*j**2 + 4*j + 2. Determine c(-2).
26
Let p(y) = y**3 - 32*y - 9. Give p(6).
15
Let l(q) = q**3 - 7*q**2 + 3*q + 2. Calculate l(6).
-16
Let w(v) = -34*v + 3. Determine w(-2).
71
Let d(l) = -l**2 - 10*l - 4. Calculate d(-7).
17
Let f(h) = h + 5. What is f(-8)?
-3
Let a(n) = -n**2 + 17*n - 5. What is a(17)?
-5
Let q(d) = d**3 + d**2 - 3*d + 1. Determine q(2).
7
Let p(f) = -7*f + 172. What is p(24)?
4
Let a(x) = x**2 - 21*x - 17. Calculate a(22).
5
Let x(h) = h**3 - 11*h**2 + 5*h. Calculate x(10).
-50
Let w(r) = r - 10. Give w(3).
-7
Let v(s) = -s**3 + 17*s**2 + 14*s + 64. What is v(18)?
-8
Let k(g) = 8*g**2 - 2*g - 2. Give k(-2).
34
Let a(o) = -o**2 - 3*o - 12. Calculate a(-4).
-16
Let s(u) = -5*u + 10. What is s(-6)?
40
Let p(k) = -35*k + 466. What is p(13)?
11
Let r(c) = 16*c - 30. What is r(4)?
34
Let h(t) = 8*t**2 - 47*t + 4. Calculate h(6).
10
Let p(c) = -c**2 - 5*c - 2. Determine p(-6).
-8
Let w(z) = -z**2 + 10*z - 25. What is w(6)?
-1
Let h(k) = k**3 + k**2 + 6*k - 10. What is h(2)?
14
Let c(s) = s**3 + 60*s**2 + 118*s + 106. Determine c(-58).
-10
Let v(c) = c**3 + 6*c**2 - 2*c + 6. Determine v(-7).
-29
Let t(r) = -19*r - 219. Determine t(-12).
9
Let s(a) = -2*a**3 + 25*a**2 - 14*a + 13. What is s(12)?
-11
Let p(a) = 2*a**3 + 31*a**2 + 17*a + 8. Determine p(-15).
-22
Let r(j) = -4*j - 3. Give r(-10).
37
Let a(i) = 3*i - 17. What is a(7)?
4
Let c(s) = 40*s - 97. Calculate c(2).
-17
Let q(u) = u**3 + 6*u**2 - 3*u - 13. What is q(-5)?
27
Let z(x) = x**2 + 40*x + 315. Determine z(-11).
-4
Let j(w) = -w**2 - 4. What is j(2)?
-8
Let w(f) = -2*f**3 - 3*f**2 + 2*f + 4. What is w(-1)?
1
Let o(w) = -2*w**3 + 5*w**2 - 4*w - 1. Determine o(3).
-22
Let t(u) = -25*u - 227. What is t(-9)?
-2
Let f(l) = l**2 + 18*l + 84. Give f(-10).
4
Let y(b) = -b**3 - 8*b**2 + 21*b + 22. Determine y(-10).
12
Let o(p) = p**3 - p + 1. Give o(2).
7
Let q(g) = g**2 - 5*g + 4. Determine q(8).
28
Let c(k) = -2*k**3 + 15*k**2 - 16*k + 6. Calculate c(6).
18
Let j(x) = x - 3. Determine j(2).
-1
Let g(m) = -3*m**3 - 30*m**2 + 32*m - 12. Calculate g(-11).
-1
Let a(o) = o**3 - o**2 - 14*o + 17. What is a(4)?
9
Let t(g) = -18*g - 15. Calculate t(-2).
21
Let t(h) = -h**2 - 18*h - 55. What is t(-7)?
22
Let n(h) = 2*h**2 - 10*h + 8. Calculate n(6).
20
Let g(w) = -2*w + 37. Determine g(16).
5
Let h(d) = 5*d**2. Give h(-1).
5
Let x(a) = -a - 14. Give x(6).
-20
Let q(h) = -23*h**3 + h**2 + 2*h + 1. Determine q(-1).
23
Let d(l) = -l**2 - l - 4. Calculate d(-4).
-16
Let y(d) = -d**3 - 12*d**2 - 8. What is y(-12)?
-8
Let z(u) = u**2 + 9*u - 10. Calculate z(-8).
-18
Let k(g) = 16*g - 124. Calculate k(5).
-44
Let w(p) = -p**3 + 10*p**2 - 5*p - 5. Calculate w(9).
31
Let d(f) = -8*f**2 + 4*f - 4. Calculate d(2).
-28
Let y(l) = l**3 - 4*l**2 - 12*l - 4. Give y(6).
-4
Let m(d) = -d**3 + 8*d**2 - 4*d + 6. Determine m(8).
-26
Let f(s) = -130*s + 777. Give f(6).
-3
Let w(n) = n - 6. Calculate w(-5).
-11
Let z(x) = -x + 5. Determine z(9).
-4
Let f(u) = u**2 + 18*u - 6. Calculate f(-18).
-6
Let i(y) = -y**3 - 9*y**2 + 8*y - 16. Determine i(-10).
4
Let z(l) = l**3 + 9*l**2 + 2*l + 19. Give z(-9).
1
Let w(o) = -o**3 - 6*o**2 + 3*o + 4. Calculate w(-6).
-14
Let i(x) = -9*x + 294. Give i(34).
-12
Let j(i) = i**3 - 2*i - 71. Calculate j(0).
-71
Let t(w) = -w**2 - 3*w + 5. Determine t(-5).
-5
Let f(h) = -h**3 - 6*h**2 - 4*h + 2. Calculate f(-5).
-3
Let s(t) = t**3 - 7*t**2 - t - 1. What is s(7)?
-8
Let k(d) = -13*d - 1. Determine k(1).
-14
Let r(s) = -s**2 - 3*s + 4. Give r(2).
-6
Let j(s) = 3*s + 4. Give j(12).
40
Let o(b) = -b**2 + 10*b + 15. Calculate o(11).
4
Let b(m) = -m**2 - 5*m + 1. Determine b(-5).
1
Let v(n) = n**3 - 2*n**2 + n - 16. Calculate v(4).
20
Let o(y) = -8*y - 7. Give o(-6).
41
Let o(b) = -b**3 - 2*b**2 + 12*b - 2. What is o(-5)?
13
Let c(z) = 16*z**3 - z. Determine c(1).
15
Let s(m) = 3*m + 45. What is s(-10)?
15
Let y(c) = -c**2 - 10*c - 12. What is y(-7)?
9
Let a(h) = 2*h**2 - 5*h - 8. What is a(6)?
34
Let k(g) = g**3 - 22*g**2 + 41*g - 12. Give k(20).
8
Let x(v) = -v**2 + 6*v. Determine x(8).
-16
Let a(l) = 2*l - 7. What is a(12)?
17
Let m(a) = 2*a**2 + 7*a - 9. Determine m(-5).
6
Let i(o) = o**3 + 11*o**2 + 12*o. Determine i(-10).
-20
Let p(s) = -2*s**3 + s**2 - 7. Determine p(0).
-7
Let q(c) = 2*c + 32. Calculate q(-18).
-4
Let x(w) = -w**3 + 11*w**2 + 26*w + 16. What is x(13)?
16
Let x(w) = -2*w**2 - 18*w + 76. Determine x(-12).
4
Let q(g) = g**3 + 10*g**2 - 9*g + 16. Give q(-11).
-6
Let t(u) = -2*u - 57. Calculate t(-18).
-21
Let s(c) = -c**3 + 7*c**2 - 2*c - 5. What is s(6)?
19
Let z(j) = j**2 - 2*j - 18. Give z(5).
-3
Let o(h) = h**2 - 6*h - 9. Determine o(7).
-2
Let l(s) = -7*s - 148. Determine l(-29).
55
Let g(l) = -l**2 + 8*l - 6. Give g(8).
-6
Let c(d) = 3*d + 9. Calculate c(-5).
-6
Let y(s) = -s**2 + s + 26. Give y(0).
26
Let h(o) = o**2 - 4*o + 1. Give h(6).
13
Let s(g) = -g**2 + 6*g + 10. Determine s(7).
3
Let j